{"id":719,"date":"2021-04-23T03:32:38","date_gmt":"2021-04-23T00:32:38","guid":{"rendered":"http:\/\/ukraine-forum.eu\/?post_type=our_projects&#038;p=719"},"modified":"2021-08-13T13:47:55","modified_gmt":"2021-08-13T10:47:55","slug":"zvernennya-shhodo-pobudovy-symetrychnyh-pamyatnykiv-prymyrennya-dvoh-narodiv","status":"publish","type":"our_projects","link":"https:\/\/ukraine-forum.eu\/de\/our_projects\/zvernennya-shhodo-pobudovy-symetrychnyh-pamyatnykiv-prymyrennya-dvoh-narodiv\/","title":{"rendered":"Der Appell betrifft den Bau von symmetrischen Denkm\u00e4lern der Vers\u00f6hnung von zwei Nationen"},"content":{"rendered":"<p>Ruhm der Ukraine Herr Sytruk!<\/p>\n<p>Wir, Vertreter der ukrainischen Gemeinde in Deutschland, Mitglieder des Vorstandes von \u201eUkraine Forum e. V.\u201c (Deutschland, Berlin), unterst\u00fctzen gerne die \u00f6ffentliche Initiative zum Bau von symmetrischen skulpturalen Symbolen in Breslau und Lemberg.<\/p>\n<p>Das Ziel dieses Projektes ist die Vers\u00f6hnung und der Aufbau positiver gutnachbarschaftlicher Beziehungen zwischen den V\u00f6lkern Polens und der Ukraine, sowie aus Anlass des 100. Geburtstages des Heiligen Johannes Paul II.<\/p>\n<p>Schon zu Lebzeiten war Papst Johannes Paul II. ein konsequenter Unterst\u00fctzer und F\u00f6rderer der Idee der Ann\u00e4herung und Zusammenarbeit zwischen Polen und der Ukraine. Dar\u00fcber hinaus war der Pontifex der Initiator des Prozesses der &#8220;Heilung&#8221; des historischen Ged\u00e4chtnisses von negativen Emotionen, die mit einer schwierigen gemeinsamen historischen Vergangenheit verbunden sind.<\/p>\n<p>Der Papst unterst\u00fctzte jene Initiativen, die darauf abzielen, die V\u00f6lker einander n\u00e4her zu bringen, und ermutigte uns, in unserer gemeinsamen Geschichte nach positiven Momenten der Vers\u00f6hnung zu suchen.<\/p>\n<p>Deshalb unterst\u00fctzen wir, die Ukrainer aus Deutschland, mit Freude die Initiative unserer Freunde, der ukrainischen Gemeinde aus Breslau, die vom Vorsitzenden des Breslauer UUP-Kreises, Herrn Igor Salamon, organisiert wurde.<\/p>\n<p>Die harmonische Koexistenz unserer beiden V\u00f6lker ist f\u00fcr uns ein wichtiges Anliegen. Deshalb unterst\u00fctzen wir, die Ukrainer aus Deutschland, mit Freude die Initiative unserer Freunde, der ukrainischen Gemeinde aus Breslau, organisiert von den Vorsitzenden des Breslauer Kreises der VUP (Vereinigung von Ukrainern aus Polen), Igor Salamon.<\/p>\n<p>Wir wollen darauf hinweisen, dass all das Leid unserer Nationen in den vergangenen Jahrzehnten in Form von Gedenkst\u00e4tten in Erinnerung gehalten werden sollte, um unsere j\u00fcngeren Generationen zu erziehen.<\/p>\n<p>Wir unterst\u00fctzen die Initiative zum Bau symmetrischer Denkm\u00e4ler und bitten Sie als Stadtoberhaupt, diese Idee zur St\u00e4rkung des gemeinsamen Zusammenlebens der Nachbarv\u00f6lker zu unterst\u00fctzen.<\/p>\n<p>Vielen Dank!<\/p>\n<p>Mit freundlichen Gr\u00fc\u00dfen<\/p>\n<p>Die Verwaltung<\/p>\n<p>&nbsp;<\/p>\n<p>VEREINSMITGLIEDER KONTAKTE<br \/>\nVorstand: Luba Pokotylo, Natalia Kirsch, Roman Pokotylo Tel.+49 (0)30 3434 8197 Mobil. +49 (0)160 98010195<br \/>\nViktoria Gavr, Ulyana Flyshko, Romy B\u00f6ckmann, www.ukrainie-forum.eu | info@ukrainie-forum.eu<br \/>\nAlaedin Toukabri<br \/>\n1 von 2<br \/>\nUkraine Forum<br \/>\nWittelsbacherstr. 1<br \/>\n10707 Berlin<br \/>\nTel. +49 (0)30 3434 8197<br \/>\nMobil: +49 (0)160 9801 0195<br \/>\nFax. +49 (30) 5498 6189<br \/>\ninfo@ukraine-forum.eu<br \/>\nwww.ukraine-forum.eu<br \/>\n\u0411\u0435\u0440\u043b\u0456\u043d, 19. Oktober 2020<br \/>\nLuba Pokotylo Ukraine Forum Wittelsbacherstr.1, 10707 Berlin<br \/>\nPrezydent Miasta Wroc\u0142awia<br \/>\nJacek Sutryk<br \/>\nul. Sukiennice 9<br \/>\n50-197 Wroc\u0142aw<br \/>\nPolen<br \/>\nkancelaria.preyzdenta@um.wroc.pl<\/p>","protected":false},"featured_media":904,"template":"","_links":{"self":[{"href":"https:\/\/ukraine-forum.eu\/de\/wp-json\/wp\/v2\/our_projects\/719"}],"collection":[{"href":"https:\/\/ukraine-forum.eu\/de\/wp-json\/wp\/v2\/our_projects"}],"about":[{"href":"https:\/\/ukraine-forum.eu\/de\/wp-json\/wp\/v2\/types\/our_projects"}],"wp:featuredmedia":[{"embeddable":true,"href":"https:\/\/ukraine-forum.eu\/de\/wp-json\/wp\/v2\/media\/904"}],"wp:attachment":[{"href":"https:\/\/ukraine-forum.eu\/de\/wp-json\/wp\/v2\/media?parent=719"}],"curies":[{"name":"wp","href":"https:\/\/api.w.org\/{rel}","templated":true}]}}

Der Appell betrifft den Bau von symmetrischen Denkmälern der Versöhnung von zwei Nationen

<p>Ruhm der Ukraine Herr Sytruk!</p>
<p>Wir, Vertreter der ukrainischen Gemeinde in Deutschland, Mitglieder des Vorstandes von „Ukraine Forum e. V.“ (Deutschland, Berlin), unterstützen gerne die öffentliche Initiative zum Bau von symmetrischen skulpturalen Symbolen in Breslau und Lemberg.</p>
<p>Das Ziel dieses Projektes ist die Versöhnung und der Aufbau positiver gutnachbarschaftlicher Beziehungen zwischen den Völkern Polens und der Ukraine, sowie aus Anlass des 100. Geburtstages des Heiligen Johannes Paul II.</p>
<p>Schon zu Lebzeiten war Papst Johannes Paul II. ein konsequenter Unterstützer und Förderer der Idee der Annäherung und Zusammenarbeit zwischen Polen und der Ukraine. Darüber hinaus war der Pontifex der Initiator des Prozesses der &#8220;Heilung&#8221; des historischen Gedächtnisses von negativen Emotionen, die mit einer schwierigen gemeinsamen historischen Vergangenheit verbunden sind.</p>
<p>Der Papst unterstützte jene Initiativen, die darauf abzielen, die Völker einander näher zu bringen, und ermutigte uns, in unserer gemeinsamen Geschichte nach positiven Momenten der Versöhnung zu suchen.</p>
<p>Deshalb unterstützen wir, die Ukrainer aus Deutschland, mit Freude die Initiative unserer Freunde, der ukrainischen Gemeinde aus Breslau, die vom Vorsitzenden des Breslauer UUP-Kreises, Herrn Igor Salamon, organisiert wurde.</p>
<p>Die harmonische Koexistenz unserer beiden Völker ist für uns ein wichtiges Anliegen. Deshalb unterstützen wir, die Ukrainer aus Deutschland, mit Freude die Initiative unserer Freunde, der ukrainischen Gemeinde aus Breslau, organisiert von den Vorsitzenden des Breslauer Kreises der VUP (Vereinigung von Ukrainern aus Polen), Igor Salamon.</p>
<p>Wir wollen darauf hinweisen, dass all das Leid unserer Nationen in den vergangenen Jahrzehnten in Form von Gedenkstätten in Erinnerung gehalten werden sollte, um unsere jüngeren Generationen zu erziehen.</p>
<p>Wir unterstützen die Initiative zum Bau symmetrischer Denkmäler und bitten Sie als Stadtoberhaupt, diese Idee zur Stärkung des gemeinsamen Zusammenlebens der Nachbarvölker zu unterstützen.</p>
<p>Vielen Dank!</p>
<p>Mit freundlichen Grüßen</p>
<p>Die Verwaltung</p>
<p>&nbsp;</p>
<p>VEREINSMITGLIEDER KONTAKTE<br />
Vorstand: Luba Pokotylo, Natalia Kirsch, Roman Pokotylo Tel.+49 (0)30 3434 8197 Mobil. +49 (0)160 98010195<br />
Viktoria Gavr, Ulyana Flyshko, Romy Böckmann, www.ukrainie-forum.eu | info@ukrainie-forum.eu<br />
Alaedin Toukabri<br />
1 von 2<br />
Ukraine Forum<br />
Wittelsbacherstr. 1<br />
10707 Berlin<br />
Tel. +49 (0)30 3434 8197<br />
Mobil: +49 (0)160 9801 0195<br />
Fax. +49 (30) 5498 6189<br />
info@ukraine-forum.eu<br />
www.ukraine-forum.eu<br />
Берлін, 19. Oktober 2020<br />
Luba Pokotylo Ukraine Forum Wittelsbacherstr.1, 10707 Berlin<br />
Prezydent Miasta Wrocławia<br />
Jacek Sutryk<br />
ul. Sukiennice 9<br />
50-197 Wrocław<br />
Polen<br />
kancelaria.preyzdenta@um.wroc.pl</p>
